37902776.
2, 3, 11, 17, 30727
List the prime factors of 2591533501.
2591533501
List the prime factors of 180140964.
2, 3, 3119, 4813
List the prime factors of 80072935.
5, 19, 163, 5171
List the prime factors of 61652927.
7, 29, 43, 1009
List the prime factors of 304917552.
2, 3, 1367, 1549
List the prime factors of 61508581.
257, 239333
List the prime factors of 1357706569.
1357706569
What are the prime factors of 16719976?
2, 7, 13, 17, 193
What are the prime factors of 3770094445?
5, 13, 43, 1348871
List the prime factors of 57245876.
2, 487, 29387
List the prime factors of 563755.
5, 137, 823
List the prime factors of 228760708.
2, 11, 1439, 3613
What are the prime factors of 35120764?
2, 7, 41, 30593
What are the prime factors of 555805451?
3461, 160591
What are the prime factors of 33459002?
2, 16729501
What are the prime factors of 7018887171?
3, 2339629057
What are the prime factors of 261787492?
2, 67, 151, 6469
List the prime factors of 361499059.
361499059
List the prime factors of 55872031.
83, 673157
What are the prime factors of 147459562?
2, 73, 1009997
What are the prime factors of 7595287?
7, 349, 3109
List the prime factors of 24312696.
2, 3, 1013029
What are the prime factors of 248322175?
5, 9932887
List the prime factors of 125911814.
2, 7, 37, 243073
List the prime factors of 952713244.
2, 7, 1831, 18583
List the prime factors of 337443603.
3, 7, 23, 698641
What are the prime factors of 3721735027?
34457, 108011
List the prime factors of 118715390.
2, 5, 97, 122387
List the prime factors of 7920229443.
3, 7, 59, 389, 16433
List the prime factors of 5848199832.
2, 3, 243674993
List the prime factors of 5423784027.
3, 1187, 1523107
List the prime factors of 37162749.
3, 13, 71, 13421
What are the prime factors of 1075775910?
2, 3, 5, 11, 59, 5023
What are the prime factors of 510629443?
7841, 65123
What are the prime factors of 979252822?
2, 489626411
What are the prime factors of 3727399580?
2, 5, 29, 1201, 5351
What are the prime factors of 64843677?
3, 7204853
List the prime factors of 785054454.
2, 3, 130842409
List the prime factors of 108793767.
3, 47, 771587
What are the prime factors of 277771349?
109, 2548361
What are the prime factors of 171826085?
5, 137, 250841
What are the prime factors of 2490771900?
2, 3, 5, 67, 83, 1493
What are the prime factors of 56080486?
2, 7, 11, 23, 71, 223
List the prime factors of 1463490550.
2, 5, 29269811
What are the prime factors of 1537090150?
2, 5, 30741803
List the prime factors of 3006858623.
19, 229, 257, 2689
List the prime factors of 82776180.
2, 3, 5, 1379603
What are the prime factors of 129161914?
2, 7, 631, 14621
What are the prime factors of 109191564?
2, 3, 112337
What are the prime factors of 2418945693?
3, 43, 139, 313, 431
What are the prime factors of 39735396?
2, 3, 41, 26921
What are the prime factors of 1436192417?
11, 130562947
List the prime factors of 347801782.
2, 101, 769, 2239
What are the prime factors of 665008199?
665008199
What are the prime factors of 5193889347?
3, 61, 97, 101, 2897
List the prime factors of 186563238.
2, 3, 31093873
What are the prime factors of 485388463?
7, 41, 359, 673
List the prime factors of 264936993.
3, 17, 431, 709
List the prime factors of 74534675.
5, 2981387
List the prime factors of 1108730148.
2, 3, 107, 863497
What are the prime factors of 2289840964?
2, 139, 4118419
What are the prime factors of 4448666668?
2, 107, 229, 45389
What are the prime factors of 92327255?
5, 17, 1086203
What are the prime factors of 55890686?
2, 1531, 18253
List the prime factors of 41605505.
5, 23, 361787
List the prime factors of 1386734818.
2, 7, 29, 631, 5413
List the prime factors of 69514027.
11, 19, 23, 14461
What are the prime factors of 120723810?
2, 3, 5, 29, 138763
List the prime factors of 1605406177.
1605406177
List the prime factors of 425191108.
2, 2683, 39619
List the prime factors of 4412063894.
2, 7, 107, 2945303
List the prime factors of 131719227.
3, 43906409
What are the prime factors of 1563725635?
5, 37, 8452571
List the prime factors of 292471044.
2, 3, 24372587
List the prime factors of 2284370110.
2, 5, 11, 271, 76631
List the prime factors of 1680346191.
3, 101, 5545697
What are the prime factors of 300386274?
2, 3, 50064379
List the prime factors of 140517195.
3, 5, 7, 13, 113, 911
What are the prime factors of 704116493?
41, 79, 217387
What are the prime factors of 157860499?
157860499
List the prime factors of 31724144.
2, 29, 68371
What are the prime factors of 291540345?
3, 5, 1973, 9851
List the prime factors of 18643391.
13, 1434107
List the prime factors of 304927318.
2, 67, 643, 3539
List the prime factors of 112489785.
3, 5, 19, 149, 883
What are the prime factors of 102898494?
2, 3, 5716583
List the prime factors of 943992890.
2, 5, 8147, 11587
List the prime factors of 367594041.
3, 122531347
What are the prime factors of 163076203?
211, 283, 2731
List the prime factors of 157849158.
2, 3, 53, 496381
List the prime factors of 157814640.
2, 3, 5, 219187
List the prime factors of 99122868.
2, 3, 13, 211801
What are the prime factors of 495234820?
2, 5, 17, 467, 3119
What are the prime factors of 207373354?
2, 103686677
List the prime factors of 1165846318.
2, 7, 13, 211, 4337
List the prime factors of 2169629676.
2, 3, 173, 348367
What are the prime factors of 5965733050?
2, 5, 19, 313, 20063
What are the prime factors of 57758182?
2, 28879091
What are the prime factors of 298550268?
2, 3, 19, 436477
List the prime factors of 683083538.
2, 341541769
What are the prime factors of 177163147?
7, 2549, 9929
What are the prime factors of 572161274?
2, 109, 2624593
List the prime factors of 35978886.
2, 3, 1998827
What are the prime factors of 513012806?
2, 19, 61, 221317
What are the prime factors of 69997200?
2, 3, 5, 7, 13, 641
What are the prime factors of 149966826?
2, 3, 17, 181, 8123
List the prime factors of 789135731.
3643, 216617
What are the prime factors of 145141133?
19, 402053
List the prime factors of 5999141.
167, 35923
What are the prime factors of 6264080?
2, 5, 78301
List the prime factors of 105082870.
2, 5, 31, 61, 5557
What are the prime factors of 3847067?
7, 463, 1187
What are the prime factors of 177999446?
2, 43, 2069761
What are the prime factors of 324545970?
2, 3, 5, 7, 71, 21767
List the prime factors of 599738575.
5, 1249, 19207
What are the prime factors of 190184807?
190184807
What are the prime factors of 3828921055?
5, 131, 5845681
List the prime factors of 696776355.
3, 5, 11, 1407629
What are the prime factors of 274215782?
2, 137107891
What are the prime factors of 47019449?
281, 167329
List the prime factors of 676173610.
2, 5, 7, 83, 116381
List the prime factors of 849245182.
2, 53, 8011747
List the prime factors of 70019771.
89, 786739
List the prime factors of 16901055.
3, 5, 29, 1439
List the prime factors of 39776121.
3, 7, 11, 57397
What are the prime factors of 381653960?
2, 5, 9541349
List the prime factors of 79497283.
79497283
List the prime factors of 69115275.
3, 5, 31, 367
What are the prime factors of 169912253?
7, 495371
List the prime factors of 1342475641.
13, 103267357
What are the prime factors of 30723633?
3, 3413737
What are the prime factors of 61604335?
5, 13, 73, 12983
What are the prime factors of 293363305?
5, 17, 1399, 2467
List the prime factors of 6010289558.
2, 7, 13, 1049, 31481
What are the prime factors of 57556693?
5231, 11003
List the prime factors of 5136045122.
2, 13, 5393, 36629
What are the prime factors of 265864523?
265864523
List the prime factors of 49008202.
2, 29, 37, 41, 557
List the prime factors of 409541193.
3, 2647, 17191
List the prime factors of 689539568.
2, 43096223
List the prime factors of 549863338.
2, 274931669
What are the prime factors of 1702550635?
5, 340510127
What are the prime factors of 96858820?
2, 5, 4842941
List the prime factors of 6579128130.
2, 3, 5, 349, 628379
What are the prime factors of 326646245?
5, 17, 613, 6269
List the prime factors of 33095045.
5, 23, 287783
What are the prime factors of 2901134493?
3, 233, 593, 2333
List the prime factors of 203552705.
5, 5477, 7433
What are the prime factors of 3116224645?
5, 623244929
What are the prime factors of 130716591?
3, 43572197
List the 